*z - 12. Let m be p(-6). Let i be (m/(-36))/(1/(-3)*1). Suppose -t + 11 = i. What is the highest common factor of 27 and t?
9
Let j(c) = c**2 - 45*c - 451. Let d be j(54). Calculate the highest common factor of d and 575.
5
Suppose -16*o + 21735 = 45*o + 44*o. Suppose -3*l + 4*z = -73, -18 = -0*l - l - 5*z. Calculate the highest common factor of o and l.
23
Let d(u) = -25*u - 80. Let m be d(-4). Let y be 2*3*130/m. What is the greatest common factor of y and 1092?
39
Let u(b) = -3*b + 36. Let z be (-6)/(-36) - 39/18. Let c be u(z). Let v be (-4)/(-18) + 187/9. Calculate the highest common factor of c and v.
21
Suppose -14*f + 258 = l, 2*f = -100*l + 98*l + 282. Let h = 182 + 126. What is the highest common factor of h and l?
44
Let c(b) = 23 - 10 + 10*b**2 + 43*b + 0*b + 37*b - 12. Let z be c(-8). What is the greatest common divisor of 27 and z?
1
Let u(v) be the second derivative of v**5/10 - v**3 + 23*v**2/2 + 100*v. Let y be u(3). Calculate the greatest common divisor of y and 236.
59
Let d = 2545 - 2023. Calculate the greatest common divisor of d and 290.
58
Suppose c - 3*c = -22. Let l be (-3)/(-7) + c/7. Let v be (-2)/((16/(-100))/l). Calculate the greatest common factor of 75 and v.
25
Let g = -32 + 29. Let c be g/((-36)/8)*12 - 3. Suppose n + 81 = c*a, -3*a + 73 - 27 = 2*n. What is the highest common divisor of 128 and a?
16
Let y = -483 - -770. Suppose -167*o = -90*o - 3157. What is the highest common factor of o and y?
41
Let y = 3720 + -3589. Calculate the greatest common divisor of 28165 and y.
131
Suppose -5*w + 5*h = -25, 4*w - 5*h - 22 = -0*h. Suppose -359 = -w*g - 4*o, -g + 343 = 2*g - 4*o. Calculate the highest common divisor of 65 and g.
13
Let g(r) = -r**3 + 2*r**2 + 58*r - 68. Let i be g(8). Calculate the greatest common factor of 858 and i.
6
Let i(d) = -27*d + 39. Let n be i(-18). Suppose -4*t + 41 + 59 = 4*y, 0 = t + 3*y - 33. Calculate the highest common divisor of n and t.
21
Let f = -7883 - -8317. What is the highest common factor of f and 5084?
62
Suppose -4*r - 21 = -3*r + 5*b, -2*b = -5*r + 30. Suppose -2*n + 6*t - 3*t + 168 = 0, -r*t = 8. What is the highest common divisor of n and 45?
9
Let b be 400/(-7 - -11) - (0 + 7) - -6. What is the highest common factor of b and 1215?
9
Let p(f) = 5*f**2 + 337*f + 43. Let i be p(-75). What is the greatest common factor of i and 77?
11
Suppose 674 = -4*t - 346. Let i = 543 + t. Let n be (-8)/108 + 18506/513. What is the greatest common factor of n and i?
36
Let f(z) = 13*z**2 - 32*z - 42. Let n be f(5). Let g be ((-4)/3)/(2/126). Let s = g + n. Calculate the greatest common divisor of 52 and s.
13
Suppose 109*j = 96*j + 377. Suppose j*s + 398 - 1790 = 0. What is the greatest common divisor of 120 and s?
24
Suppose -247 = -4*y - 3*x, 0 = -5*y + 16*x - 14*x + 257. Let i = 27 + -5. Calculate the greatest common factor of i and y.
11
Let c be (-72)/2*2/(-4). Let x(y) = -3*y**2 + 8*y - 26. Let p be x(4). Let g be ((-4)/18 + p/54)*-45. Calculate the greatest common factor of g and c.
9
Suppose h = 4*p + 37, 934*p = 5*h + 930*p - 73. Calculate the highest common factor of h and 672.
3
Suppose -8*d = 49 + 239. Let i = 40 + d. Suppose -i*u = -9 - 23. Calculate the greatest common divisor of 4 and u.
4
Suppose 0 = 4*f - 24, 29*u - 1482 = 25*u + f. Calculate the highest common divisor of 5301 and u.
93
Let j(l) = -l**2 - 3*l + 4. Let k be j(-4). Let w be ((-14 - -16)*6)/4. Suppose -w*b + 9 + 27 = k. What is the greatest common factor of b and 16?
4
Let i = 27398 - 27096. Calculate the highest common divisor of 2 and i.
2
Let f = -235 - -215. Let b be 16/f*-5 + 32. Suppose -5*k + 64 = 2*y - 4*y, 2*k - 14 = -5*y. Calculate the highest common factor of k and b.
12
Suppose 0 = -w - 19*o + 15*o - 6, 4*o + 12 = 0. Calculate the highest common divisor of 129 and w.
3
Let p be ((-226)/4)/(4 - 63/14). Calculate the highest common divisor of p and 4181.
113
Suppose 7*v + 20 = 11*v. Let c be (-2)/v - (6 + 2710/(-25)). Calculate the greatest common divisor of 153 and c.
51
Let q be ((-1520)/6)/(264/(-1980)). What is the highest common factor of 700 and q?
100
Suppose f = 4*f + 12. Let i(r) = r**2 + 3*r + 6. Let z be i(f). Suppose z*p - 56 = 8*p. Calculate the greatest common factor of p and 70.
14
Suppose 34 = 2*m - 32. Suppose m*q - 27*q - 54 = 0. Let h be 3 + 1 + -1 + 0. What is the greatest common factor of q and h?
3
Let b(z) = z**3 - 19*z**2 + 15*z + 90. Let y be b(18). Suppose -y*p - 700 = -71*p. Calculate the highest common factor of 25 and p.
5
Suppose 1788 = 5*j - 3*t, -2*j + 3*t - 213 + 921 = 0. Suppose -228*m = -234*m + j. What is the highest common divisor of m and 160?
20
Let g be (3 - -4)/((-399)/(-684)). Suppose -5*z + 1920 = -0*z. Calculate the highest common divisor of z and g.
12
Let l(h) = 1045*h - 913. Let o be l(4). Calculate the highest common divisor of 121 and o.
121
Let a = 150 + -251. Suppose 390 = -17*n + 11*n. Let x = n - a. What is the greatest common factor of 12 and x?
12
Let l(k) = k + 3. Let i(y) = 63*y + 31. Let x(f) = -i(f) + 3*l(f). Let n be x(-1). What is the greatest common divisor of 114 and n?
38
Let q(j) = j**3 - 21*j**2 - 159*j - 28. Let a be q(27). Calculate the highest common factor of a and 3392.
53
Let k = 44 - 37. Let d(q) = 2*q**2 - 10*q + 12. Let x be d(k). Let y(v) = 2*v**2 - v - 25. Let l be y(5). Calculate the greatest common divisor of x and l.
20
Let m = 72 + -65. Suppose 6*z = m*z - 22. Let r be -2*(4/z - (-309)/(-66)). What is the highest common divisor of r and 81?
9
Let p be 63/18 + (105009/(-2))/(-17). What is the highest common divisor of 4 and p?
4
Suppose -5*w - 9 = 4*x, -2*x + 4 = -x. Let m = w + 43. Calculate the highest common divisor of 95 and m.
19
Suppose -651999 = -161*a - 199589. What is the greatest common divisor of a and 10?
10
Let c be 11*(-30)/(-55)*(-25)/(-15). Calculate the highest common divisor of c and 1415.
5
Let k = -311 - -208. Let l = -28 - k. Calculate the greatest common factor of 45 and l.
15
Let y(t) = -t + 5. Let p be y(-3). Let r = p + -3. Suppose -6*x = -3*x, -r*f - 2*x + 280 = 0. What is the highest common factor of f and 7?
7
Let n(x) = 3*x**2 - x + 105. Let w = 202 + -202. Let g be n(w). Calculate the greatest common divisor of g and 15.
15
Let m be 5/(25/498) + (-753)/1255. What is the greatest common factor of m and 1617?
33
Let y = 336 + 221. Let i = 573 - y. What is the highest common factor of 20 and i?
4
Let h = 227 + -87. Let g be h/21 - (-8)/6. What is the highest common factor of g and 104?
8
Let a be (186*(4 - (-85)/(-15)))/(-2). Let m = a - 130. What is the greatest common factor of m and 55?
5
Suppose k = -d + 10, 0*k = -k + d. Let q be (k/25 + 6/30)*75. What is the highest common divisor of 78 and q?
6
Let r be 1249 - (66/12 + -6)*(-20 - -2). What is the highest common divisor of 1736 and r?
248
Suppose 0 = -420*k + 425*k + 2905. Let q = 919 + k. What is the greatest common divisor of 26 and q?
26
Suppose 0 = -11*j - 36 - 30. Let p be (81/j)/((-21)/(-12) - 2). What is the highest common factor of p and 12?
6
Let a be 1/(-18) - (25 - 142978/396). What is the highest common divisor of 3088 and a?
16
Let k be 97/11 - (-8)/44. Let z(x) = 3 + 6*x + 39*x**2 + x**3 - 2 - 41*x**2 - 4. Let w be z(2). Calculate the greatest common divisor of k and w.
9
Suppose 0 = 7*p - 89 - 51. Let j be (44/p - 4)/((-9)/30). What is the highest common divisor of j and 9?
3
Let f be 629/221 + (-2)/(-13). Suppose -3*v - 126 = -5*d, -4*v + f*v = 2*d - 46. Calculate the greatest common factor of d and 696.
24
Let u(d) = -495*d + 8. Let v be u(0). Calculate the greatest common factor of v and 4184.
8
Suppose 0 = 12*w - 8*w. Suppose w = 2*c - 5*o + 7, 2*c + 3*o - 24 = c. Suppose -30*r = -97 - 173. What is the highest common factor of r and c?
9
Let z = 2 + 2. Suppose 3*y = 105 + 333. Suppose -10 + y = 2*b. Calculate the highest common factor of b and z.
4
Let q = -40 - -68. Suppose -10146*h + 9565*h = -56938. What is the greatest common divisor of q and h?
14
Let c(v) = 19*v**2 + 40*v - 740. Let y be c(16). What is the greatest common divisor of 24 and y?
12
Suppose 0 = 2*u - 18 + 8. Let a = u + 20. Calculate the greatest common divisor of 5 and a.
5
Suppose 2*t - 18 = -4*r, -7*r + 2*r = 3*t - 24. Let f be 2*25/r - 80/